Let m(c) = -c**3 + 8*c**2 - 7*c - 9. What is m(k)?
-9
Let d(g) = 1 + 6 - 1 + g. Suppose -x + 120 = 128. What is d(x)?
-2
Let g(m) be the first derivative of 11*m**2 + m - 2. Let k be (-150)/(-5)*(-7)/((-63)/(-12)). Let c = k - -39. What is g(c)?
-21
Let p(m) = -3*m + 2. Let r(z) = 5*z - 4. Let y(t) = 7*p(t) + 4*r(t). Let q be ((-96)/24)/(-2 + 3). Calculate y(q).
2
Let a(r) = r - 19. Let z(p) = -p + 21. Let u(c) = 6*a(c) + 5*z(c). Give u(4).
-5
Let d(u) = 16*u**2 - 37*u + 6. Let m(s) = -19*s**2 + 38*s - 7. Let g(c) = 6*d(c) + 5*m(c). Give g(32).
1
Suppose -5*v + 36 + 64 = 0. Let p = 28 - v. Let r be (p/(-32))/(1/4). Let q(n) = 3*n**2 - 2*n - 1. Calculate q(r).
4
Let s be 14*4/(7 + 1). Let f(d) = 10*d - 1 - 10 - 9*d + 0. Determine f(s).
-4
Let g(f) = -f**2 + 2*f + 2. Let s(q) = q**3 + 19*q**2 + 48*q + 4. Let o be s(-16). Suppose -4*b - 2 = -a - 5*b, 8 = -o*b. Calculate g(a).
-6
Let r(q) be the third derivative of -q**6/120 + q**5/10 + q**4/8 - 5*q**3/3 - 566*q**2. What is r(5)?
30
Let t(h) = h**3 - 3*h**2 + h - 2. Suppose 0*d + 6*d + 66 = 0. Let g(z) = -6*z**3 + 16*z**2 - 6*z + 11. Let r(y) = d*t(y) - 2*g(y). What is r(-1)?
-1
Let b(f) = -f**2 + 4. Let u = -307 + 307. Give b(u).
4
Let m = 1111 + -1107. Let j(v) = -4*v**2 - v + 4. Let h(k) = 9*k**2 + 3*k - 8. Let w(g) = 3*h(g) + 7*j(g). Calculate w(m).
-4
Let g(z) be the second derivative of -z**6/120 - z**5/10 + z**4/3 + 7*z**3/6 + 16*z**2 - 2*z - 23. Let q(h) be the first derivative of g(h). Determine q(-7).
0
Let y(o) = o - 2. Let q(p) be the first derivative of p**3/6 + p**2/2 + 3*p - 7. Let n(l) be the first derivative of q(l). Let j be n(-3). Give y(j).
-4
Let t(y) = -y**2 + 3*y + 5. Let g be t(0). Let z(s) = g + 6 + 7 - 14 + s. What is z(4)?
8
Let p = 173 - 176. Let o be -8 - p - (-9)/3. Let z(g) = -g**3 + 11*g**2 + 3*g - 9. Let u(r) = r**3 - 6*r**2 - 2*r + 5. Let y(w) = -5*u(w) - 3*z(w). Give y(o).
4
Let a(f) = -f**3 + 2*f**2 + 4*f + 1. Let g(y) = -3*y + 100. Let s be g(32). Give a(s).
-15
Let j(p) = 3*p**2 + 23*p + 20. Let x be j(-6). Let y(r) = r + 16. Give y(x).
6
Let m(d) = 22*d**2 + 17*d - 50*d**2 - d**3 + 27 - 43*d. What is m(-27)?
0
Suppose 187*i = 179*i - 16. Let r(a) = 2*a**2 + a - 1. Give r(i).
5
Let j(d) = -38*d + 61*d - 1 - 31*d. Determine j(-5).
39
Let r(j) = j**3 - 3*j**2 - 8*j - 6. Let y be r(5). Suppose -5*k = -y*i + 19 + 19, 18 = -2*k + 3*i. Let z(h) = h**3 + 6*h**2 - h - 2. Calculate z(k).
4
Let d(z) = -18*z**2 + 2*z + 1. Let o be (-49)/(-14) - (189/(-6))/(-7). Give d(o).
-19
Suppose 0*q + q = 3*j + 10, -5*q + 5*j + 20 = 0. Let m = q - -4. Let z(o) = 5 + m*o + 5*o**2 + 3*o**3 - 4*o**3 + 0*o**3. Determine z(6).
-1
Let s(m) = -10*m - 12*m - 2*m + 26*m + 6. Calculate s(-4).
-2
Suppose -f = -2 - 4. Suppose 5*j + 9 = -f. Let n(i) = -2*i - 2. Let o be n(j). Let t(u) = -u**2 + 5*u - 6. Calculate t(o).
-2
Let s(r) be the second derivative of 7*r**3/3 + 80*r. What is s(-1)?
-14
Suppose 0 = 2*s + 2*n + 10, -6 = 8*s - 6*s - 2*n. Suppose 0*c - 3*c + 6 = 0. Let o(w) = -w**3 - 3*w**c - 4*w**2 + 5*w + 4*w**2 + 5. What is o(s)?
1
Let d = 8 + -2. Suppose 4*q - 2 + 0 = m, -d = -2*m + 3*q. Let p(l) = l**3 - 6*l**2 + l - 1. Determine p(m).
5
Let z(j) = j**3 - j**2 + j + 1. Let u(k) = -4*k**3 - k**2 - 3*k + 1. Let w(l) = u(l) + 5*z(l). Let x = -37 - -42. Determine w(x).
-9
Let j(x) = -7*x - 3. Let m(v) be the second derivative of -4*v**3/3 - v**2 + v - 1. Let h be m(0). Calculate j(h).
11
Let w(s) = -3*s**2 + s - 6*s**3 + 6*s**2 - 4 + 7*s**3 + 2 - 2. Calculate w(-4).
-24
Let s(h) be the third derivative of 0 + 1/8*h**4 + 13*h**2 + 0*h - 2/3*h**3 - 1/60*h**5. Determine s(4).
-8
Let r(d) = -7*d**3 + 12*d**2 + 2*d + 11. Let u(y) = -3*y**3 + 6*y**2 + y + 5. Let x(g) = -2*r(g) + 5*u(g). Give x(6).
9
Let d = 0 - -4. Let g(n) = 6*n**3 - 5*n**2 - 3*n + 2. Let m(p) = 5*p**3 - 5*p**2 - 2*p + 2. Let w(k) = 4*g(k) - 5*m(k). Give w(d).
6
Let s(v) = -2*v**2 + v + 1. Let l(t) = t**3 - 9*t - t**2 - 7 + 8*t**2 + 0*t - 2*t**3. Let c be l(5). What is s(c)?
-9
Suppose -4*l + 52 = -4*s, -s = -0*l + 4*l - 37. Let r = l + -13. Let u(i) be the third derivative of i**5/30 + i**4/6 + i**3/2 - i**2. Give u(r).
9
Let l(j) = j**2 - 2*j - 1. Suppose 247*i + 36 = 259*i. Calculate l(i).
2
Let i(d) be the first derivative of -d**2 - 6*d + 74. Give i(-8).
10
Suppose -11*p = -14*p + 2*p. Let w = 11 - 8. Let n = w - p. Let i(g) = -g**2 + 3*g + 2. Calculate i(n).
2
Let a(z) = -z**2 - 6*z + 1. Suppose -5*v - 2*g + 12 = 0, 2*v - 4 = -3*v - 4*g. Suppose -4 = -v*d - 24. Give a(d).
6
Let t(a) be the second derivative of -a**5/20 + 5*a**4/12 + a**3/6 - 2*a**2 - 62*a. Give t(5).
1
Let i(x) = 9 - x**2 - 2*x**2 - 11*x - x**2 + 5*x**2. Let n = -192 - -202. Give i(n).
-1
Let f(x) = x**3 + 9*x**2 - 8*x + 8. Let q = -144 - -134. Calculate f(q).
-12
Suppose -14*v - 24 = -26*v. Let s(b) = -b - 2. Give s(v).
-4
Suppose 0 = -l - p + 11 - 2, -5*l + 3*p = -85. Suppose -5*r + l = -6. Suppose d + 18 = r*d. Let x(i) = i**3 - 6*i**2 - 2*i + 9. What is x(d)?
-3
Let g(d) be the first derivative of 3*d**2/2 + 47. Let c(n) = 3*n**3 - n**2 - n - 1. Let i be c(-1). Let y be (-7)/i - (-3)/12. Calculate g(y).
6
Let l(m) = 25*m**2 - 18*m - 6. Let i(z) = -71*z**2 + 53*z + 18. Let x(d) = -6*i(d) - 17*l(d). Determine x(7).
-41
Let r(c) be the first derivative of -c**2 + 9*c - 95. Suppose 3*n + i = 26, 1 = -3*n + 4*i + 2. Give r(n).
-5
Let y(c) = c**2 - 14*c - 75. Let u be y(-4). Let g(t) = -2*t - 11. Determine g(u).
-5
Let y(b) = -8*b + 14 + 11 - 26. Let q(j) = -7*j - 1. Let p(v) = 6*q(v) - 5*y(v). What is p(-2)?
3
Let s(b) = 4*b**3 + 7*b**2 - 11*b + 3. Let q(l) = l**3 + l**2 - 2*l + 1. Let d(x) = 5*q(x) - s(x). What is d(-1)?
-2
Let i(v) = -v**2 + 11*v - 4. Let t(g) = 2*g**2 - 10*g. Let j be t(6). Determine i(j).
-16
Let c(n) = -4*n + 2. Suppose 5*j = -80 + 75. Determine c(j).
6
Let x(t) = t - 3. Suppose 540 = -13*g + 488. What is x(g)?
-7
Suppose 0 = -5*d - 3*f + 25, 3*d - 2*f + 2 = -d. Let r(k) = 2 - 4*k**d + 5 + 3*k**2 - 5*k + 0. Let m be r(-6). Let i(o) = -14*o**3 + o**2 - 2*o + 1. Give i(m).
-14
Let g(u) = -14*u - 1. Suppose -7*m + 8*m = 0, 0 = 3*x + 4*m - 3. Suppose 0 = 2*k - k + x. Calculate g(k).
13
Let b = 53 - 28. Suppose -i - b = 4*i. Let z(v) be the third derivative of -v**4/24 - v**3 - 5*v**2 - 24. Determine z(i).
-1
Let v be (-1)/(1 + (-6)/4). Suppose -3*t + 5 = v*t. Let f(c) = 11*c**2 + 6*c**2 + 0*c + c - 18*c**2 - 11*c**3. What is f(t)?
-11
Suppose -3*n + 76 = 4*x - 0*n, -x + 4*n = 0. Let v = 18 - x. Let j(m) = m**2 - 2*m**v - 33 + 28 + 6*m. Calculate j(6).
-5
Suppose -5*z + 2*d + 42 = 13, -4*z - 4*d + 12 = 0. Let r(m) = m**3 - 5*m**2 + 5. Give r(z).
5
Let q(f) = f + 7. Let l be q(-8). Let r be l/((-4)/8*1). Let c(y) = y**2 - r*y**2 + 7 + 4*y - 10. Determine c(4).
-3
Suppose 3*g = -4*q - 3, -10*q - 2 = 2*g - 7*q. Let i(c) be the third derivative of -c**5/60 - c**4/24 - c**3/6 - c**2. Calculate i(g).
-1
Let t(q) = q + 1. Let a(l) = l - 1. Let x(v) = 2*a(v) - t(v). Determine x(2).
-1
Let t(a) = a**2 - 4*a - 9. Let d be (-18)/(-3)*1/(-1). Let s(m) = m**2 - 3*m - 8. Let x(f) = d*t(f) + 7*s(f). What is x(-6)?
16
Let x(f) = 2*f - 3. Let d be x(3). Suppose 0 = 3*v - h - 6, 4*v - 2 = d*v - h. Let b(g) = -4*g**2 + 2*g + 3*g**v + g**2 + g**3 + 4*g**2 + 1. Give b(-3).
4
Let f(i) = -2*i**3 - 3*i**2 - 3*i - 3. Let h(z) = z**3 + 15*z**2 + 15*z + 16. Let y be h(-14). Let d = 0 - y. Give f(d).
7
Let o be 2/8 - (-14)/8. Let u(d) = -2 + 3*d**o - 3*d - 2 + 2. Suppose 220*y + 18 = 211*y. Give u(y).
16
Let m = -1742 + 1744. Let q(u) = -3*u**2 + u. Calculate q(m).
-10
Let a(z) = -z**3 - 5*z**2 + 6*z - 4. Suppose 14*o - 282 = 8*o. Suppose 41 = u + o. What is a(u)?
-4
Let i(m) = -71*m + 69*m - 12 + 0 + 2 + 11 + 3*m**2. Suppose a + 1 - 3 = 0. Calculate i(a).
9
Let j(c) be the second derivative of -7/6*c**3 + 3*c**2 - 10*c + 0 + 1/12*c**4. Determine j(7).
6
Let p(h) be the second derivative of -h**4/12 - 7*h**3/6 + 4*h**2 - h. Suppose 4*o + 689 = -k, -5*k = 23 + 2. Let g = -178 - o. What is p(g)?
8
Let o(w) = -9*w - 10. Let j(l) = 5*l - 41 + 98 - 52. Let q be (-34)/(-3) - 2/6. Let y(m) = q*j(m) + 6*o(m). Calculate y(5).
0
Let o(g) = 2*g**2 + 22*g + 14. Suppose -x + 36 = 46. What is o(x)?
-6
Let m(b) be the second derivative of b**5/60 - b**4/4 - 4*b**3/3 + 11*b**2/2